{"id":345,"date":"2020-12-29T16:25:52","date_gmt":"2020-12-29T15:25:52","guid":{"rendered":"http:\/\/www.railavenir.com\/?page_id=345"},"modified":"2021-04-27T10:18:59","modified_gmt":"2021-04-27T08:18:59","slug":"vie-de-lassociation","status":"publish","type":"page","link":"https:\/\/www.railavenir.com\/index.php\/vie-de-lassociation\/","title":{"rendered":"Vie de l&rsquo;association"},"content":{"rendered":"\n<ol class=\"wp-block-list\"><li><strong>Nous sommes ravis d&rsquo;avoir pu organiser une journ\u00e9e sur la Mobilit\u00e9<\/strong> (\u00e0 ETAIN et nous remercions la ville pour son accueil, le 28 septembre 2019) :<\/li><\/ol>\n\n\n\n<figure class=\"wp-block-image size-large\"><img loading=\"lazy\" decoding=\"async\" width=\"573\" height=\"426\" src=\"https:\/\/www.railavenir.com\/wp-content\/uploads\/2021\/04\/Capture-decran-2021-04-27-a-10.08.13.png\" alt=\"\" class=\"wp-image-897\" srcset=\"https:\/\/www.railavenir.com\/wp-content\/uploads\/2021\/04\/Capture-decran-2021-04-27-a-10.08.13.png 573w, https:\/\/www.railavenir.com\/wp-content\/uploads\/2021\/04\/Capture-decran-2021-04-27-a-10.08.13-300x223.png 300w\" sizes=\"auto, (max-width: 573px) 100vw, 573px\" \/><\/figure>\n\n\n\n<p>Au cours de cette journ\u00e9e des tables rondes ont \u00e9t\u00e9 propos\u00e9es, constitu\u00e9es d&rsquo;\u00e9lus, de sp\u00e9cialistes du rail et de la mobilit\u00e9.<\/p>\n\n\n\n<p><strong>Ce fut un succ\u00e8s<\/strong>! (m\u00eame si plus de participants \u00e9taient souhait\u00e9s, en effet, il est tr\u00e8s difficile de d\u00e9placer les usagers, diverses raisons qu&rsquo;il faut prendre en compte en sont la cause), <\/p>\n\n\n\n<p>Les \u00e9changes furent fructueux et enrichissant.<\/p>\n\n\n\n<p><strong>Un compte-rendu a \u00e9t\u00e9 r\u00e9dig\u00e9, vous pouvez le consulter<\/strong> <a href=\"https:\/\/www.railavenir.com\/wp-content\/uploads\/2020\/12\/CR-ETAIN.pdf\"><span class=\"has-inline-color has-vivid-red-color\">ICI<\/span><\/a>.<\/p>\n\n\n\n<p>2. <strong>Nous avons des actions en cours, d&rsquo;autres sont en projet<\/strong>&#8230;<\/p>\n\n\n\n<p>En voici la liste (non exhaustive \u00e0 ce jour (le 23 f\u00e9vrier 2021), elle sera compl\u00e9t\u00e9e, bien \u00e9videmment, en fonction de l&rsquo;\u00e9laboration d&rsquo;autres projets:<\/p>\n\n\n\n<ul class=\"wp-block-list\"><li>La Mobilit\u00e9 en Argonne et les Ardennes (en lien avec le PNR-Argonne et le FJEPCS-La Passerelle des Ardennes).<\/li><li>Des interventions dans les Lyc\u00e9es et Coll\u00e8ges (en projet, apr\u00e8s l&rsquo;\u00e9pid\u00e9mie).<\/li><li>Participation \u00e0 un groupe de travail (FNAUT) sur le train l\u00e9ger.<\/li><li>La Mobilit\u00e9 douce en Argonne (tourisme \u00e0 pied ou en v\u00e9lo), en lien avec le PNR-Argonne.<\/li><li>Les interventions aupr\u00e8s des \u00e9lus des diff\u00e9rentes circonscriptions, des localit\u00e9s, de la R\u00e9gion&#8230;<\/li><li>Des interactions (r\u00e9unions, groupes de travail, etc&#8230;) avec les autres associations de la r\u00e9gion (DPLACE, ACCUS, FNAUT, PNR, etc&#8230;) <\/li><\/ul>\n\n\n\n<p><strong>Cela fait beaucoup de travail<\/strong>!&#8230; Nous avons besoin non seulement d&rsquo;adh\u00e9rents, mais nous faisons un appel \u00e0 b\u00e9n\u00e9voles pour venir nous aider!&#8230;<\/p>\n\n\n\n<p>Voir ci-dessous le descriptif de cet appel:<\/p>\n\n\n\n<ul class=\"wp-block-list\"><li><strong><em><a href=\"https:\/\/www.railavenir.com\/wp-content\/uploads\/2021\/02\/Appel-a-benevoles.pdf\">Appel \u00e0 b\u00e9n\u00e9voles 2020<\/a><\/em><\/strong><\/li><\/ul>\n\n\n\n<p><strong><span class=\"has-inline-color has-vivid-red-color\">Pour se faire une id\u00e9e de nos actions, de nos projets, veuillez consulter un descriptif de nos objectifs<\/span>:<\/strong> <a href=\"https:\/\/www.railavenir.com\/wp-content\/uploads\/2020\/12\/Objectifs-Rail-Avenir.pdf\"><strong>LIRE ICI<\/strong><\/a>:<\/p>\n","protected":false},"excerpt":{"rendered":"<p>Nous sommes ravis d&rsquo;avoir pu organiser une journ\u00e9e sur la Mobilit\u00e9 (\u00e0 ETAIN et nous remercions la ville pour son<\/p>\n","protected":false},"author":1,"featured_media":0,"parent":0,"menu_order":0,"comment_status":"closed","ping_status":"closed","template":"","meta":{"footnotes":""},"class_list":["post-345","page","type-page","status-publish","hentry"],"aioseo_notices":[],"yoast_head":"<!-- This site is optimized with the Yoast SEO plugin v24.8.1 - https:\/\/yoast.com\/wordpress\/plugins\/seo\/ -->\n<title>Vie de l&#039;association - Rail Avenir<\/title>\n<meta name=\"robots\" content=\"index, follow, max-snippet:-1, max-image-preview:large, max-video-preview:-1\" \/>\n<link rel=\"canonical\" href=\"https:\/\/www.railavenir.com\/index.php\/vie-de-lassociation\/\" \/>\n<meta property=\"og:locale\" content=\"fr_FR\" \/>\n<meta property=\"og:type\" content=\"article\" \/>\n<meta property=\"og:title\" content=\"Vie de l&#039;association - Rail Avenir\" \/>\n<meta property=\"og:description\" content=\"Nous sommes ravis d&rsquo;avoir pu organiser une journ\u00e9e sur la Mobilit\u00e9 (\u00e0 ETAIN et nous remercions la ville pour son\" \/>\n<meta property=\"og:url\" content=\"https:\/\/www.railavenir.com\/index.php\/vie-de-lassociation\/\" \/>\n<meta property=\"og:site_name\" content=\"Rail Avenir\" \/>\n<meta property=\"article:modified_time\" content=\"2021-04-27T08:18:59+00:00\" \/>\n<meta property=\"og:image\" content=\"https:\/\/www.railavenir.com\/wp-content\/uploads\/2021\/04\/Capture-decran-2021-04-27-a-10.08.13.png\" \/>\n<meta name=\"twitter:card\" content=\"summary_large_image\" \/>\n<meta name=\"twitter:label1\" content=\"Dur\u00e9e de lecture estim\u00e9e\" \/>\n\t<meta name=\"twitter:data1\" content=\"2 minutes\" \/>\n<script type=\"application\/ld+json\" class=\"yoast-schema-graph\">{\"@context\":\"https:\/\/schema.org\",\"@graph\":[{\"@type\":\"WebPage\",\"@id\":\"https:\/\/www.railavenir.com\/index.php\/vie-de-lassociation\/\",\"url\":\"https:\/\/www.railavenir.com\/index.php\/vie-de-lassociation\/\",\"name\":\"Vie de l'association - Rail Avenir\",\"isPartOf\":{\"@id\":\"https:\/\/www.railavenir.com\/#website\"},\"primaryImageOfPage\":{\"@id\":\"https:\/\/www.railavenir.com\/index.php\/vie-de-lassociation\/#primaryimage\"},\"image\":{\"@id\":\"https:\/\/www.railavenir.com\/index.php\/vie-de-lassociation\/#primaryimage\"},\"thumbnailUrl\":\"https:\/\/www.railavenir.com\/wp-content\/uploads\/2021\/04\/Capture-decran-2021-04-27-a-10.08.13.png\",\"datePublished\":\"2020-12-29T15:25:52+00:00\",\"dateModified\":\"2021-04-27T08:18:59+00:00\",\"breadcrumb\":{\"@id\":\"https:\/\/www.railavenir.com\/index.php\/vie-de-lassociation\/#breadcrumb\"},\"inLanguage\":\"fr-FR\",\"potentialAction\":[{\"@type\":\"ReadAction\",\"target\":[\"https:\/\/www.railavenir.com\/index.php\/vie-de-lassociation\/\"]}]},{\"@type\":\"ImageObject\",\"inLanguage\":\"fr-FR\",\"@id\":\"https:\/\/www.railavenir.com\/index.php\/vie-de-lassociation\/#primaryimage\",\"url\":\"https:\/\/www.railavenir.com\/wp-content\/uploads\/2021\/04\/Capture-decran-2021-04-27-a-10.08.13.png\",\"contentUrl\":\"https:\/\/www.railavenir.com\/wp-content\/uploads\/2021\/04\/Capture-decran-2021-04-27-a-10.08.13.png\",\"width\":573,\"height\":426},{\"@type\":\"BreadcrumbList\",\"@id\":\"https:\/\/www.railavenir.com\/index.php\/vie-de-lassociation\/#breadcrumb\",\"itemListElement\":[{\"@type\":\"ListItem\",\"position\":1,\"name\":\"Accueil\",\"item\":\"https:\/\/www.railavenir.com\/\"},{\"@type\":\"ListItem\",\"position\":2,\"name\":\"Vie de l&rsquo;association\"}]},{\"@type\":\"WebSite\",\"@id\":\"https:\/\/www.railavenir.com\/#website\",\"url\":\"https:\/\/www.railavenir.com\/\",\"name\":\"Rail Avenir\",\"description\":\"Association Rail Avenir\",\"publisher\":{\"@id\":\"https:\/\/www.railavenir.com\/#organization\"},\"potentialAction\":[{\"@type\":\"SearchAction\",\"target\":{\"@type\":\"EntryPoint\",\"urlTemplate\":\"https:\/\/www.railavenir.com\/?s={search_term_string}\"},\"query-input\":{\"@type\":\"PropertyValueSpecification\",\"valueRequired\":true,\"valueName\":\"search_term_string\"}}],\"inLanguage\":\"fr-FR\"},{\"@type\":\"Organization\",\"@id\":\"https:\/\/www.railavenir.com\/#organization\",\"name\":\"Rail Avenir\",\"url\":\"https:\/\/www.railavenir.com\/\",\"logo\":{\"@type\":\"ImageObject\",\"inLanguage\":\"fr-FR\",\"@id\":\"https:\/\/www.railavenir.com\/#\/schema\/logo\/image\/\",\"url\":\"https:\/\/www.railavenir.com\/wp-content\/uploads\/2021\/02\/cropped-Logo-officiel-Rail-Avenir.png\",\"contentUrl\":\"https:\/\/www.railavenir.com\/wp-content\/uploads\/2021\/02\/cropped-Logo-officiel-Rail-Avenir.png\",\"width\":150,\"height\":150,\"caption\":\"Rail Avenir\"},\"image\":{\"@id\":\"https:\/\/www.railavenir.com\/#\/schema\/logo\/image\/\"}}]}<\/script>\n<!-- \/ Yoast SEO plugin. -->","yoast_head_json":{"title":"Vie de l'association - Rail Avenir","robots":{"index":"index","follow":"follow","max-snippet":"max-snippet:-1","max-image-preview":"max-image-preview:large","max-video-preview":"max-video-preview:-1"},"canonical":"https:\/\/www.railavenir.com\/index.php\/vie-de-lassociation\/","og_locale":"fr_FR","og_type":"article","og_title":"Vie de l'association - Rail Avenir","og_description":"Nous sommes ravis d&rsquo;avoir pu organiser une journ\u00e9e sur la Mobilit\u00e9 (\u00e0 ETAIN et nous remercions la ville pour son","og_url":"https:\/\/www.railavenir.com\/index.php\/vie-de-lassociation\/","og_site_name":"Rail Avenir","article_modified_time":"2021-04-27T08:18:59+00:00","og_image":[{"url":"https:\/\/www.railavenir.com\/wp-content\/uploads\/2021\/04\/Capture-decran-2021-04-27-a-10.08.13.png","type":"","width":"","height":""}],"twitter_card":"summary_large_image","twitter_misc":{"Dur\u00e9e de lecture estim\u00e9e":"2 minutes"},"schema":{"@context":"https:\/\/schema.org","@graph":[{"@type":"WebPage","@id":"https:\/\/www.railavenir.com\/index.php\/vie-de-lassociation\/","url":"https:\/\/www.railavenir.com\/index.php\/vie-de-lassociation\/","name":"Vie de l'association - Rail Avenir","isPartOf":{"@id":"https:\/\/www.railavenir.com\/#website"},"primaryImageOfPage":{"@id":"https:\/\/www.railavenir.com\/index.php\/vie-de-lassociation\/#primaryimage"},"image":{"@id":"https:\/\/www.railavenir.com\/index.php\/vie-de-lassociation\/#primaryimage"},"thumbnailUrl":"https:\/\/www.railavenir.com\/wp-content\/uploads\/2021\/04\/Capture-decran-2021-04-27-a-10.08.13.png","datePublished":"2020-12-29T15:25:52+00:00","dateModified":"2021-04-27T08:18:59+00:00","breadcrumb":{"@id":"https:\/\/www.railavenir.com\/index.php\/vie-de-lassociation\/#breadcrumb"},"inLanguage":"fr-FR","potentialAction":[{"@type":"ReadAction","target":["https:\/\/www.railavenir.com\/index.php\/vie-de-lassociation\/"]}]},{"@type":"ImageObject","inLanguage":"fr-FR","@id":"https:\/\/www.railavenir.com\/index.php\/vie-de-lassociation\/#primaryimage","url":"https:\/\/www.railavenir.com\/wp-content\/uploads\/2021\/04\/Capture-decran-2021-04-27-a-10.08.13.png","contentUrl":"https:\/\/www.railavenir.com\/wp-content\/uploads\/2021\/04\/Capture-decran-2021-04-27-a-10.08.13.png","width":573,"height":426},{"@type":"BreadcrumbList","@id":"https:\/\/www.railavenir.com\/index.php\/vie-de-lassociation\/#breadcrumb","itemListElement":[{"@type":"ListItem","position":1,"name":"Accueil","item":"https:\/\/www.railavenir.com\/"},{"@type":"ListItem","position":2,"name":"Vie de l&rsquo;association"}]},{"@type":"WebSite","@id":"https:\/\/www.railavenir.com\/#website","url":"https:\/\/www.railavenir.com\/","name":"Rail Avenir","description":"Association Rail Avenir","publisher":{"@id":"https:\/\/www.railavenir.com\/#organization"},"potentialAction":[{"@type":"SearchAction","target":{"@type":"EntryPoint","urlTemplate":"https:\/\/www.railavenir.com\/?s={search_term_string}"},"query-input":{"@type":"PropertyValueSpecification","valueRequired":true,"valueName":"search_term_string"}}],"inLanguage":"fr-FR"},{"@type":"Organization","@id":"https:\/\/www.railavenir.com\/#organization","name":"Rail Avenir","url":"https:\/\/www.railavenir.com\/","logo":{"@type":"ImageObject","inLanguage":"fr-FR","@id":"https:\/\/www.railavenir.com\/#\/schema\/logo\/image\/","url":"https:\/\/www.railavenir.com\/wp-content\/uploads\/2021\/02\/cropped-Logo-officiel-Rail-Avenir.png","contentUrl":"https:\/\/www.railavenir.com\/wp-content\/uploads\/2021\/02\/cropped-Logo-officiel-Rail-Avenir.png","width":150,"height":150,"caption":"Rail Avenir"},"image":{"@id":"https:\/\/www.railavenir.com\/#\/schema\/logo\/image\/"}}]}},"_links":{"self":[{"href":"https:\/\/www.railavenir.com\/index.php\/wp-json\/wp\/v2\/pages\/345","targetHints":{"allow":["GET"]}}],"collection":[{"href":"https:\/\/www.railavenir.com\/index.php\/wp-json\/wp\/v2\/pages"}],"about":[{"href":"https:\/\/www.railavenir.com\/index.php\/wp-json\/wp\/v2\/types\/page"}],"author":[{"embeddable":true,"href":"https:\/\/www.railavenir.com\/index.php\/wp-json\/wp\/v2\/users\/1"}],"replies":[{"embeddable":true,"href":"https:\/\/www.railavenir.com\/index.php\/wp-json\/wp\/v2\/comments?post=345"}],"version-history":[{"count":12,"href":"https:\/\/www.railavenir.com\/index.php\/wp-json\/wp\/v2\/pages\/345\/revisions"}],"predecessor-version":[{"id":901,"href":"https:\/\/www.railavenir.com\/index.php\/wp-json\/wp\/v2\/pages\/345\/revisions\/901"}],"wp:attachment":[{"href":"https:\/\/www.railavenir.com\/index.php\/wp-json\/wp\/v2\/media?parent=345"}],"curies":[{"name":"wp","href":"https:\/\/api.w.org\/{rel}","templated":true}]}}