{"id":48,"date":"2020-10-28T16:02:11","date_gmt":"2020-10-28T15:02:11","guid":{"rendered":"http:\/\/www.railavenir.com\/?page_id=48"},"modified":"2021-10-15T15:19:05","modified_gmt":"2021-10-15T13:19:05","slug":"nos-statuts","status":"publish","type":"page","link":"https:\/\/www.railavenir.com\/index.php\/nos-statuts\/","title":{"rendered":"Nos statuts"},"content":{"rendered":"\n<p>STATUTS<\/p>\n\n\n\n<p><strong><em>Adopt\u00e9s par l\u2019Assembl\u00e9e G\u00e9n\u00e9rale du 18 novembre 2017<\/em><\/strong><\/p>\n\n\n\n<p><strong>Article 1 : CONSTITUTION \u2013 TITRE :<\/strong><\/p>\n\n\n\n<p>Il est form\u00e9 entre les adh\u00e9rents aux pr\u00e9sents Statuts une Association r\u00e9gie par la loi du 1er&nbsp;juillet 1901 ayant pour titre :&nbsp;<strong>\u00ab RAIL &#8211; AVENIR \u00bb.<br><\/strong>Sous titre :&nbsp;<strong>\u00ab&nbsp;<em>Association des usagers des Transports ferroviaires Marne -Meuse&nbsp;<\/em>\u2013&nbsp;<em>Argonne- Meurthe et Moselle- Moselle-<\/em>\u00bb<\/strong><\/p>\n\n\n\n<p>Sous mention :&nbsp;<strong><em>\u00ab \u00e0 l\u2019origine association AUTERCOVEC de d\u00e9fense de la ligne 5 \u00bb<\/em><\/strong><\/p>\n\n\n\n<p><strong>Article 2 : BUT &#8211; OBJECTIFS \u2013 CHAMP TERRITORIAL Consid\u00e9rant&nbsp;<\/strong>la n\u00e9cessit\u00e9 de d\u00e9fendre et de promouvoir le Service Public aux usagers du Transport Ferr\u00e9 Voyageurs.<\/p>\n\n\n\n<p><strong>Consid\u00e9rant&nbsp;<\/strong>que le transport collectif est plus favorable \u00e0 la d\u00e9fense de l\u2019environnement,<br><strong>Consid\u00e9rant&nbsp;<\/strong>les diff\u00e9rentes lois de d\u00e9 centralisation&nbsp;<em>et la cr\u00e9ation de la r\u00e9gion Grand Est,<\/em><\/p>\n\n\n\n<p><strong>Consid\u00e9rant&nbsp;<\/strong>la s\u00e9paration entre r\u00e9seaux, mat\u00e9riels et operateurs,<br><strong>Consid\u00e9rant&nbsp;<\/strong>l\u2019interconnexion entre les diff\u00e9rents modes de transport,<\/p>\n\n\n\n<p><strong>Consid\u00e9rant&nbsp;<\/strong>les besoins en d\u00e9placements des usagers de nos territoires ruraux,<br><strong>L\u2019Association se donne pour objectif&nbsp;<\/strong>:<br>&#8211; D&rsquo;assurer l&rsquo;information, la repr\u00e9sentation et la d\u00e9fense des usagers des transports de la r\u00e9gion Argonne- Marne- Meuse \u2013Meurthe et Moselle \u2013Moselle aupr\u00e8s des pouvoirs publics, des collectivit\u00e9s territoriales, des exploitants de transport public, des m\u00e9dias et de tous les organismes publics ou priv\u00e9s, en particulier la ligne 5 CHALONS \/ REIMS \u2013St HILAIRE \u2013VERDUN \u2013 METZ<\/p>\n\n\n\n<p><br><em>&#8211; De participer \u00e0 l&rsquo;am\u00e9lioration de la qualit\u00e9, de<br>l&rsquo;attractivit\u00e9 et de la s\u00e9curit\u00e9 des transports publics,<\/em><\/p>\n\n\n\n<p><em>&#8211; D\u2019agir pour am\u00e9liorer le service public aux usagers et de r\u00e9pondre aux besoins, tant en transport qu\u2019en infrastructures, des populations et des territoires ci- d\u00e9sign\u00e9s.<\/em><\/p>\n\n\n\n<p><em>&#8211; D\u2019engager tous moyens pour r\u00e9pondre \u00e0 ces objectifs, de mani\u00e8re directe ou indirecte.<\/em><\/p>\n\n\n\n<p><strong>Article 3 : SIEGE SOCIAL :<\/strong><\/p>\n\n\n\n<p>Le si\u00e8ge social de l\u2019association est fix\u00e9 \u00e0 l\u2019adresse du Pr\u00e9sident.<\/p>\n\n\n\n<p><strong>Article 4 : ADMISSION DES MEMBRES<\/strong><\/p>\n\n\n\n<p>Prennent le titre de membres les personnes physiques ou les personnes morales ayant acquitt\u00e9 une cotisation annuelle fix\u00e9e par l\u2019assembl\u00e9e g\u00e9n\u00e9rale.<\/p>\n\n\n\n<p><strong>Article 5 : RESSOURCES<\/strong><\/p>\n\n\n\n<p>Les ressources de l\u2019association proviennent du produit des Cotisations de ses membres <em>(voir art.4 ci-dessus)<\/em>, des dons vers\u00e9 s et des subventions accord\u00e9es par les collectivit\u00e9s territoriales.<\/p>\n\n\n\n<p><strong>Article 6 : CONSEIL D\u2019ADMINISTRATION et BUREAU<br><\/strong>L\u2019association est dirig\u00e9e par un Conseil d\u2019Administration de 6 \u00e0 21 membres au maximum \u00e9lus par l\u2019Assembl\u00e9e G\u00e9n\u00e9rale.<\/p>\n\n\n\n<p>En tant qu\u2019organe dirigeant, le Conseil d\u2019Administration se doit de d\u00e9finir et proposer les formes d\u2019action \u00e0 mener pour l\u2019aboutissement des buts de l\u2019association.<br>Il \u00e9lit en son sein un bureau compos\u00e9 d\u2019un(e) Pr\u00e9sident(e), d\u2019un(e) Vice- Pr\u00e9sident(e), d\u2019un(e) tr\u00e9sorier(e), d\u2019un(e) secr\u00e9taire et de deux membres Le conseil d\u2019administration se r\u00e9 unit au moins cinq fois dans l\u2019ann\u00e9e.<br>L\u2019ordre du jour des r\u00e9unions, fix\u00e9 par le Pr\u00e9sident, est indiqu\u00e9 sur la convocation. <\/p>\n\n\n\n<p>Le Pr\u00e9sident ou la moiti\u00e9 des membres du bureau peuvent r\u00e9 unir le bureau autant que de besoin.<br>Des commissions d\u2019\u00e9tude et de travail peuvent \u00eatre constitu\u00e9es au sein du Conseil.<\/p>\n\n\n\n<p><strong>Article 7 : CANDIDATURES AU CONSEIL D\u2019ADMINISTRATION<\/strong><\/p>\n\n\n\n<p>Les candidats \u00e0 l\u2019\u00e9lection au Conseil d\u2019Administration doivent faire acte de candidature par \u00e9crit au plus tard \u00e0 l\u2019ouverture de l\u2019Assembl\u00e9e G\u00e9n\u00e9rale aupr\u00e8s du bureau de s\u00e9ance. Pour \u00eatre candidat, il faut \u00eatre \u00e0 jour de sa cotisation au moment du d\u00e9 p\u00f4 t de candidature.<\/p>\n\n\n\n<p><strong>Article 8 : ELECTION DU CONSEIL D\u2019ADMINISTRATION<\/strong><\/p>\n\n\n\n<p>L\u2019\u00e9lection du Conseil d\u2019Administration se d\u00e9roule \u00e0 main lev\u00e9e ou \u00e0 bulletin secret sur demande au minimum d\u2019un adh\u00e9rent. Sont d\u00e9clar\u00e9s \u00e9lus les candidats ayant obtenu la majorit\u00e9 absolue des votants. Si le nombre des \u00e9lus est inf\u00e9rieur au nombre minimum de si\u00e8ges \u00e0 pourvoir, il est proc\u00e9d\u00e9 imm\u00e9diatement \u00e0 un second tour de scrutin dans les m\u00eames formes qu\u2019indiqu\u00e9es ci-dessus.<\/p>\n\n\n\n<p>Les candidats non \u00e9lus au premier tour peuvent se repr\u00e9 senter.<br>La dur\u00e9e du mandat des administrateurs est fix\u00e9e \u00e0&nbsp;<strong>trois ans<\/strong>,&nbsp;<strong>renouvelable par tiers.&nbsp;<\/strong>Les administrateurs sortants sont r\u00e9\u00e9ligibles. La qualit\u00e9 d\u2019administrateur se perd par la d\u00e9 mission ou la radiation pour trois absences cons\u00e9cutives non motiv\u00e9es aux r\u00e9unions statutaires auxquelles ils ont \u00e9t\u00e9 convoqu\u00e9s. Dans l\u2019intervalle des Assembl\u00e9es G\u00e9n\u00e9rales,&nbsp;<strong>des adh\u00e9rents peuvent \u00eatre coopt\u00e9s, avec voix consultative, jusqu\u2019\u00e0 l\u2019Assembl\u00e9e G\u00e9n\u00e9rale suivante qui proposera leur candidature \u00e0 l\u2019\u00e9lection des membres du Conseil d\u2019Administration<\/strong>.<\/p>\n\n\n\n<p><strong>Article 9 : ASSEMBLEES GENERALES<\/strong><\/p>\n\n\n\n<p>Les membres de l\u2019association sont convoqu\u00e9 s en Assembl\u00e9e G\u00e9n\u00e9rale une fois par an.<br>La pr\u00e9paration de l\u2019Assembl\u00e9e G\u00e9n\u00e9rale annuelle est du ressort du Conseil d\u2019Administration qui en fixe la date et l\u2019ordre du jour.<\/p>\n\n\n\n<p>Les rapports d\u2019activit\u00e9 et financier de l\u2019exercice font l\u2019objet d\u2019un vote \u00e0 main lev\u00e9e. Leur adoption est acquise \u00e0 la majorit\u00e9 absolue des votants.<br>Pour \u00eatre ex\u00e9cutoires, les axes d\u2019action et les projets d\u2019orientation propos\u00e9s par le Conseil d\u2019Administration doivent recueillir l\u2019approbation, par vote \u00e0 main lev\u00e9e, des 2\/3 au moins des membres&nbsp;<strong>adh\u00e9rents&nbsp;<\/strong>pr\u00e9sents&nbsp;<strong>ou repr\u00e9sent\u00e9s.<\/strong><\/p>\n\n\n\n<p>La convocation de l\u2019Assembl\u00e9e G\u00e9n\u00e9rale, sign\u00e9e par le Pr\u00e9sident, doit&nbsp;<strong>parvenir&nbsp;<\/strong>au domicile des membres au moins&nbsp;<strong>deux semaines civiles&nbsp;<\/strong>avant la date fix\u00e9e.<\/p>\n\n\n\n<p>L\u2019ordre du jour est indiqu\u00e9 sur la convocation. Le Pr\u00e9 sident, assist\u00e9 des membres du Bureau, assure la pr\u00e9sidence de l\u2019Assembl\u00e9e G\u00e9n\u00e9rale, la discipline des d\u00e9bats, la r\u00e9gularit\u00e9 des votes, dans le respect le plus large des Statuts et des r\u00e8gles de la d\u00e9mocratie participative.<\/p>\n\n\n\n<p>En cas de n\u00e9cessit\u00e9, et sur la proposition de la moiti\u00e9 au moins des administrateurs&nbsp;<strong>ou des adh\u00e9rents<\/strong>, des Assembl\u00e9es G\u00e9n\u00e9rales Extraordinaires peuvent \u00eatre organis\u00e9es.<\/p>\n\n\n\n<p><strong>Article 10 : CORRESPONDANTS DE L\u2019ASSOCIATION<\/strong><\/p>\n\n\n\n<p>Des correspondants locaux, membres de l\u2019association sont charg\u00e9s dans les communes rurales et dans les quartiers urbains d\u00e9 pendant de son champ territorial, d\u2019assurer la repr\u00e9sentation de celle-ci, de recruter de nouveaux membres, de percevoir les cotisations, de concourir autour d\u2019eux \u00e0 la mise en \u0153uvre des actions d\u00e9cid\u00e9es.<\/p>\n\n\n\n<p><strong>Article 11 : PROCURATION<\/strong><\/p>\n\n\n\n<p>Tout membre mis dans l\u2019impossibilit\u00e9 de participer \u00e0 l\u2019Assembl\u00e9e G\u00e9n\u00e9rale peut remettre une procuration \u00e9crite \u00e0 un autre membre.&nbsp;<em>Un adh\u00e9rent peut disposer de trois procurations au plus.<\/em><\/p>\n\n\n\n<p>Cette clause vaut pour les r\u00e9unions du Conseil d\u2019Administration.<br>Tout membre&nbsp;<strong><em>du CA&nbsp;<\/em><\/strong>ne peut disposer&nbsp;<em>que d\u2019une&nbsp;<\/em><strong><em>procuration&nbsp;<\/em><\/strong><strong>au maximum.<\/strong><\/p>\n\n\n\n<p><strong>Article 12 : MODIFICATION DES STATUTS<\/strong><\/p>\n\n\n\n<p>Les propositions de modification des Statuts sont \u00e9labor\u00e9es et pr\u00e9sent\u00e9es par le Conseil d\u2019administration en assembl\u00e9e g\u00e9n\u00e9rale.<br>Elles font l\u2019objet d\u2019un vote \u00e0 main lev\u00e9e de l\u2019Assembl\u00e9e G\u00e9n\u00e9rale. Pour \u00eatre adopt\u00e9es, Elles doivent recueillir la majorit\u00e9 des 2\/3 des votants.<\/p>\n\n\n\n<p><strong>Article 13 : REGLEMENT INTERIEUR&nbsp;<\/strong>Un r\u00e8glement int\u00e9rieur peut \u00eatre \u00e9tabli&nbsp;<strong>et modifi\u00e9&nbsp;<\/strong>par le Conseil d\u2019Administration.<\/p>\n\n\n\n<p><strong>Article 14 : DISSOLUTION<\/strong><\/p>\n\n\n\n<p>La proposition de dissolution est pr\u00e9sent\u00e9e par le Conseil d\u2019Administration en Assembl\u00e9e G\u00e9n\u00e9rale, sp\u00e9cialement convoqu\u00e9e \u00e0 cette fin.<\/p>\n\n\n\n<p>En cas de dissolution prononc\u00e9e par les 2\/3 au moins des membres pr\u00e9sents \u00e0 l\u2019Assembl\u00e9e G\u00e9n\u00e9rale, un ou plusieurs liquidateurs sont nomm\u00e9s par celle-ci. L\u2019actif, s\u2019il y a lieu, est d\u00e9volu, conform\u00e9ment \u00e0 l\u2019article 9 de la loi du 1er&nbsp;juillet 1901, \u00e0 une association poursuivant&nbsp;<strong>des buts similaires.<\/strong><\/p>\n\n\n\n<hr class=\"wp-block-separator\"\/>\n\n\n\n<ul class=\"wp-block-list\"><li><strong><em><a href=\"https:\/\/www.railavenir.com\/wp-content\/uploads\/2021\/02\/STATUTS-2020.pdf\">Nos statuts 2020 \u00e0 t\u00e9l\u00e9charger ici<\/a><\/em><\/strong><\/li><\/ul>\n","protected":false},"excerpt":{"rendered":"<p>STATUTS Adopt\u00e9s par l\u2019Assembl\u00e9e G\u00e9n\u00e9rale du 18 novembre 2017 Article 1 : CONSTITUTION \u2013 TITRE : Il est form\u00e9 entre<\/p>\n","protected":false},"author":1,"featured_media":0,"parent":0,"menu_order":0,"comment_status":"closed","ping_status":"closed","template":"","meta":{"footnotes":""},"class_list":["post-48","page","type-page","status-publish","hentry"],"aioseo_notices":[],"yoast_head":"<!-- This site is optimized with the Yoast SEO plugin v24.8.1 - https:\/\/yoast.com\/wordpress\/plugins\/seo\/ -->\n<title>Nos statuts - Rail Avenir<\/title>\n<meta name=\"description\" content=\"L&#039;Association Rail Avenir situ\u00e9e en Argonne d\u00e9fend les usagers du transport, rattach\u00e9 \u00e0 la FNAUT, n&#039;h\u00e9sitez-pas \u00e0 les contacter. Si\u00e8ge social est situ\u00e9 \u00e0 Verdun. Le pr\u00e9sident de l&#039;Association, Roland Rouy\u00e8re et les administrateurs de l&#039;association agissent pour d\u00e9fendre la mobilit\u00e9 douce en milieu rural.. en savoir plus...\" \/>\n<meta name=\"robots\" content=\"index, follow, max-snippet:-1, max-image-preview:large, max-video-preview:-1\" \/>\n<link rel=\"canonical\" href=\"https:\/\/www.railavenir.com\/index.php\/nos-statuts\/\" \/>\n<meta property=\"og:locale\" content=\"fr_FR\" \/>\n<meta property=\"og:type\" content=\"article\" \/>\n<meta property=\"og:title\" content=\"Nos statuts - Rail Avenir\" \/>\n<meta property=\"og:description\" content=\"L&#039;Association Rail Avenir situ\u00e9e en Argonne d\u00e9fend les usagers du transport, rattach\u00e9 \u00e0 la FNAUT, n&#039;h\u00e9sitez-pas \u00e0 les contacter. Si\u00e8ge social est situ\u00e9 \u00e0 Verdun. Le pr\u00e9sident de l&#039;Association, Roland Rouy\u00e8re et les administrateurs de l&#039;association agissent pour d\u00e9fendre la mobilit\u00e9 douce en milieu rural.. en savoir plus...\" \/>\n<meta property=\"og:url\" content=\"https:\/\/www.railavenir.com\/index.php\/nos-statuts\/\" \/>\n<meta property=\"og:site_name\" content=\"Rail Avenir\" \/>\n<meta property=\"article:modified_time\" content=\"2021-10-15T13:19:05+00:00\" \/>\n<meta name=\"twitter:card\" content=\"summary_large_image\" \/>\n<meta name=\"twitter:label1\" content=\"Dur\u00e9e de lecture estim\u00e9e\" \/>\n\t<meta name=\"twitter:data1\" content=\"5 minutes\" \/>\n<script type=\"application\/ld+json\" class=\"yoast-schema-graph\">{\"@context\":\"https:\/\/schema.org\",\"@graph\":[{\"@type\":\"WebPage\",\"@id\":\"https:\/\/www.railavenir.com\/index.php\/nos-statuts\/\",\"url\":\"https:\/\/www.railavenir.com\/index.php\/nos-statuts\/\",\"name\":\"Nos statuts - Rail Avenir\",\"isPartOf\":{\"@id\":\"https:\/\/www.railavenir.com\/#website\"},\"datePublished\":\"2020-10-28T15:02:11+00:00\",\"dateModified\":\"2021-10-15T13:19:05+00:00\",\"description\":\"L'Association Rail Avenir situ\u00e9e en Argonne d\u00e9fend les usagers du transport, rattach\u00e9 \u00e0 la FNAUT, n'h\u00e9sitez-pas \u00e0 les contacter. Si\u00e8ge social est situ\u00e9 \u00e0 Verdun. Le pr\u00e9sident de l'Association, Roland Rouy\u00e8re et les administrateurs de l'association agissent pour d\u00e9fendre la mobilit\u00e9 douce en milieu rural.. en savoir plus...\",\"breadcrumb\":{\"@id\":\"https:\/\/www.railavenir.com\/index.php\/nos-statuts\/#breadcrumb\"},\"inLanguage\":\"fr-FR\",\"potentialAction\":[{\"@type\":\"ReadAction\",\"target\":[\"https:\/\/www.railavenir.com\/index.php\/nos-statuts\/\"]}]},{\"@type\":\"BreadcrumbList\",\"@id\":\"https:\/\/www.railavenir.com\/index.php\/nos-statuts\/#breadcrumb\",\"itemListElement\":[{\"@type\":\"ListItem\",\"position\":1,\"name\":\"Accueil\",\"item\":\"https:\/\/www.railavenir.com\/\"},{\"@type\":\"ListItem\",\"position\":2,\"name\":\"Nos statuts\"}]},{\"@type\":\"WebSite\",\"@id\":\"https:\/\/www.railavenir.com\/#website\",\"url\":\"https:\/\/www.railavenir.com\/\",\"name\":\"Rail Avenir\",\"description\":\"Association Rail Avenir\",\"publisher\":{\"@id\":\"https:\/\/www.railavenir.com\/#organization\"},\"potentialAction\":[{\"@type\":\"SearchAction\",\"target\":{\"@type\":\"EntryPoint\",\"urlTemplate\":\"https:\/\/www.railavenir.com\/?s={search_term_string}\"},\"query-input\":{\"@type\":\"PropertyValueSpecification\",\"valueRequired\":true,\"valueName\":\"search_term_string\"}}],\"inLanguage\":\"fr-FR\"},{\"@type\":\"Organization\",\"@id\":\"https:\/\/www.railavenir.com\/#organization\",\"name\":\"Rail Avenir\",\"url\":\"https:\/\/www.railavenir.com\/\",\"logo\":{\"@type\":\"ImageObject\",\"inLanguage\":\"fr-FR\",\"@id\":\"https:\/\/www.railavenir.com\/#\/schema\/logo\/image\/\",\"url\":\"https:\/\/www.railavenir.com\/wp-content\/uploads\/2021\/02\/cropped-Logo-officiel-Rail-Avenir.png\",\"contentUrl\":\"https:\/\/www.railavenir.com\/wp-content\/uploads\/2021\/02\/cropped-Logo-officiel-Rail-Avenir.png\",\"width\":150,\"height\":150,\"caption\":\"Rail Avenir\"},\"image\":{\"@id\":\"https:\/\/www.railavenir.com\/#\/schema\/logo\/image\/\"}}]}<\/script>\n<!-- \/ Yoast SEO plugin. -->","yoast_head_json":{"title":"Nos statuts - Rail Avenir","description":"L'Association Rail Avenir situ\u00e9e en Argonne d\u00e9fend les usagers du transport, rattach\u00e9 \u00e0 la FNAUT, n'h\u00e9sitez-pas \u00e0 les contacter. Si\u00e8ge social est situ\u00e9 \u00e0 Verdun. Le pr\u00e9sident de l'Association, Roland Rouy\u00e8re et les administrateurs de l'association agissent pour d\u00e9fendre la mobilit\u00e9 douce en milieu rural.. en savoir plus...","robots":{"index":"index","follow":"follow","max-snippet":"max-snippet:-1","max-image-preview":"max-image-preview:large","max-video-preview":"max-video-preview:-1"},"canonical":"https:\/\/www.railavenir.com\/index.php\/nos-statuts\/","og_locale":"fr_FR","og_type":"article","og_title":"Nos statuts - Rail Avenir","og_description":"L'Association Rail Avenir situ\u00e9e en Argonne d\u00e9fend les usagers du transport, rattach\u00e9 \u00e0 la FNAUT, n'h\u00e9sitez-pas \u00e0 les contacter. Si\u00e8ge social est situ\u00e9 \u00e0 Verdun. Le pr\u00e9sident de l'Association, Roland Rouy\u00e8re et les administrateurs de l'association agissent pour d\u00e9fendre la mobilit\u00e9 douce en milieu rural.. en savoir plus...","og_url":"https:\/\/www.railavenir.com\/index.php\/nos-statuts\/","og_site_name":"Rail Avenir","article_modified_time":"2021-10-15T13:19:05+00:00","twitter_card":"summary_large_image","twitter_misc":{"Dur\u00e9e de lecture estim\u00e9e":"5 minutes"},"schema":{"@context":"https:\/\/schema.org","@graph":[{"@type":"WebPage","@id":"https:\/\/www.railavenir.com\/index.php\/nos-statuts\/","url":"https:\/\/www.railavenir.com\/index.php\/nos-statuts\/","name":"Nos statuts - Rail Avenir","isPartOf":{"@id":"https:\/\/www.railavenir.com\/#website"},"datePublished":"2020-10-28T15:02:11+00:00","dateModified":"2021-10-15T13:19:05+00:00","description":"L'Association Rail Avenir situ\u00e9e en Argonne d\u00e9fend les usagers du transport, rattach\u00e9 \u00e0 la FNAUT, n'h\u00e9sitez-pas \u00e0 les contacter. Si\u00e8ge social est situ\u00e9 \u00e0 Verdun. Le pr\u00e9sident de l'Association, Roland Rouy\u00e8re et les administrateurs de l'association agissent pour d\u00e9fendre la mobilit\u00e9 douce en milieu rural.. en savoir plus...","breadcrumb":{"@id":"https:\/\/www.railavenir.com\/index.php\/nos-statuts\/#breadcrumb"},"inLanguage":"fr-FR","potentialAction":[{"@type":"ReadAction","target":["https:\/\/www.railavenir.com\/index.php\/nos-statuts\/"]}]},{"@type":"BreadcrumbList","@id":"https:\/\/www.railavenir.com\/index.php\/nos-statuts\/#breadcrumb","itemListElement":[{"@type":"ListItem","position":1,"name":"Accueil","item":"https:\/\/www.railavenir.com\/"},{"@type":"ListItem","position":2,"name":"Nos statuts"}]},{"@type":"WebSite","@id":"https:\/\/www.railavenir.com\/#website","url":"https:\/\/www.railavenir.com\/","name":"Rail Avenir","description":"Association Rail Avenir","publisher":{"@id":"https:\/\/www.railavenir.com\/#organization"},"potentialAction":[{"@type":"SearchAction","target":{"@type":"EntryPoint","urlTemplate":"https:\/\/www.railavenir.com\/?s={search_term_string}"},"query-input":{"@type":"PropertyValueSpecification","valueRequired":true,"valueName":"search_term_string"}}],"inLanguage":"fr-FR"},{"@type":"Organization","@id":"https:\/\/www.railavenir.com\/#organization","name":"Rail Avenir","url":"https:\/\/www.railavenir.com\/","logo":{"@type":"ImageObject","inLanguage":"fr-FR","@id":"https:\/\/www.railavenir.com\/#\/schema\/logo\/image\/","url":"https:\/\/www.railavenir.com\/wp-content\/uploads\/2021\/02\/cropped-Logo-officiel-Rail-Avenir.png","contentUrl":"https:\/\/www.railavenir.com\/wp-content\/uploads\/2021\/02\/cropped-Logo-officiel-Rail-Avenir.png","width":150,"height":150,"caption":"Rail Avenir"},"image":{"@id":"https:\/\/www.railavenir.com\/#\/schema\/logo\/image\/"}}]}},"_links":{"self":[{"href":"https:\/\/www.railavenir.com\/index.php\/wp-json\/wp\/v2\/pages\/48","targetHints":{"allow":["GET"]}}],"collection":[{"href":"https:\/\/www.railavenir.com\/index.php\/wp-json\/wp\/v2\/pages"}],"about":[{"href":"https:\/\/www.railavenir.com\/index.php\/wp-json\/wp\/v2\/types\/page"}],"author":[{"embeddable":true,"href":"https:\/\/www.railavenir.com\/index.php\/wp-json\/wp\/v2\/users\/1"}],"replies":[{"embeddable":true,"href":"https:\/\/www.railavenir.com\/index.php\/wp-json\/wp\/v2\/comments?post=48"}],"version-history":[{"count":10,"href":"https:\/\/www.railavenir.com\/index.php\/wp-json\/wp\/v2\/pages\/48\/revisions"}],"predecessor-version":[{"id":664,"href":"https:\/\/www.railavenir.com\/index.php\/wp-json\/wp\/v2\/pages\/48\/revisions\/664"}],"wp:attachment":[{"href":"https:\/\/www.railavenir.com\/index.php\/wp-json\/wp\/v2\/media?parent=48"}],"curies":[{"name":"wp","href":"https:\/\/api.w.org\/{rel}","templated":true}]}}